68 = -4*h, 153 = 4*n - 2*h - h. Calculate the remainder when n is divided by 22.
14
Let o be (-16)/6*(-27)/18. Let m = o - 3. Calculate the remainder when 29 is divided by ((-5)/(-15))/(m/30).
9
Suppose -3*t - 2*y - 2*y - 6 = 0, 4*t - 20 = 4*y. Suppose 0 = 2*d - 3*d - o + t, -6 = -3*d - 5*o. What is the remainder when 9 is divided by (d/6)/(6/108)?
3
Let f = 3 + -2. Let t(w) = 48*w**2 - 4*w - 3. Let z(o) = -47*o**2 + 3*o + 2. Let d(c) = -2*t(c) - 3*z(c). What is the remainder when d(f) is divided by 15?
14
Let v = -4 - -8. Suppose s + v*s = 170. What is the remainder when s is divided by 9?
7
Suppose -b + 13 + 0 = 0. Let v be b + -2 + 1/1. Suppose 2*h - v = -h. What is the remainder when h is divided by 2?
0
Suppose 3*x = 2*x - 27. Let f = 46 + x. What is the remainder when f is divided by 10?
9
Let n = 11 - 3. What is the remainder when 19 is divided by n?
3
Suppose -11 - 9 = -5*h. Calculate the remainder when 3 is divided by 1 - (-2 - h/(-2)).
0
Calculate the remainder when 41 is divided by 3/1*(3 + 4).
20
Suppose 0 = -2*g + 6, 0 = -k + g + g - 2. Calculate the remainder when 6/9 - (-40)/3 is divided by 1/k + (-31)/(-4).
6
Let n = 88 - 63. What is the remainder when n is divided by 15?
10
Suppose 2*v = -b + 7, 5*b + 3*v - 26 = 2*v. Suppose -56 = -4*n + 3*y + y, -b*n = 4*y - 34. Calculate the remainder when 17 is divided by n.
7
Let q be (-5)/((-15)/48) - 2. Let h = 43 + q. Suppose -5*n + h = a, -20 - 33 = -a - 4*n. Calculate the remainder when a is divided by 13.
11
Suppose 4*j - 16 = -4*a, 0 = j - 3*j + a + 14. Let b(g) = g**2 + 5*g + 3. Let z be b(-6). Suppose -s = -z - j. Calculate the remainder when 43 is divided by s.
13
Let w = -18 - -33. Suppose r + 0*r - 10 = 0. Suppose r = 2*m, f - 48 = -4*m - 0*m. What is the remainder when f is divided by w?
13
Let o(v) = 13*v**2 - 10*v - 17. What is the remainder when 164 is divided by o(-2)?
54
Calculate the remainder when 1 + 16 + 5/(-5) is divided by 9.
7
Suppose -5*n - 5*c - 39 = -169, 0 = -3*n + 4*c + 50. Suppose 2*a = 3*a - 65. Calculate the remainder when a is divided by n.
21
Let m = 2 - -9. Suppose -10 = -w + 6*w - 5*r, 0 = 4*w + 4*r - 32. Suppose w*a = -3*f + 10 - 1, 5*a + 39 = 4*f. What is the remainder when m is divided by f?
5
Let b = 30 + -59. Let w = -9 - b. What is the remainder when w is divided by 7?
6
Let p(x) = 3*x + 1. Suppose -c - 3*c = -8. Suppose 3*m - 95 = -c*m. What is the remainder when m is divided by p(3)?
9
Suppose 0 = -4*a - 5*r + 17, 0 = -4*a + a + 4*r - 26. Let z be (a - 1)*(-120)/9. What is the remainder when 26 is divided by 4/6 + z/3?
12
Let g(s) = 4*s - 4. Let t be g(-4). What is the remainder when 60 is divided by (64/80)/((-1)/t)?
12
Suppose 9 + 36 = 3*w - 2*z, -2*z + 40 = 2*w. What is the remainder when w is divided by ((-2)/4)/(2/(-36))?
8
Let r = -6 - 12. Suppose 4*b + 42 = -2. Let h = b - r. Calculate the remainder when 12 is divided by h.
5
Suppose -s - s + 5*m + 39 = 0, 4*m = -5*s + 15. What is the remainder when 41 is divided by s?
6
Let g(q) = -18*q - 1. Let u(s) = 37*s + 2. Let v(o) = -11*g(o) - 6*u(o). Calculate the remainder when v(-1) is divided by 13.
10
Suppose -2*u + 0*u + 30 = 0. What is the remainder when ((-4)/4)/(-1) + 42 is divided by u?
13
Let h(u) = -3 + 2*u**2 - u + 12 + 3*u**2 - 6*u**2. Calculate the remainder when 16 is divided by h(0).
7
Suppose f + 4*w + 4 = 0, 3*f + 3*w - 4 + 16 = 0. Let r = f + 7. What is the remainder when 46 is divided by (-5 + -4)/(r/(-8))?
22
Let d(n) = -3*n + 74. Calculate the remainder when 38 is divided by d(17).
15
Suppose 0*j - 2*d - 3 = -j, -3*d = 12. Let b = j + 4. What is the remainder when 17 is divided by (2 + 1)*(-2)/b?
5
Let k be -3 - -15 - (-1)/(-1). Let d = 16 + -10. Let w = k - d. What is the remainder when 8 is divided by w?
3
Suppose -4*d - 28 = -8*d. Suppose 66 = 4*f - f. Let j = f - d. Calculate the remainder when j is divided by 8.
7
Let n(v) = v**2 - 5*v - 1. Let m be n(6). Suppose -2*f - 2*w + 4 = -m*w, 4*f - 2*w = 24. Let g = f - 4. Calculate the remainder when 6 is divided by g.
2
Let d be ((-10)/(-8))/(4/16). Suppose -2 = -d*f + 8. What is the remainder when 12 is divided by (7/(-28))/(f/(-56))?
5
Let j = 52 - -58. Let c = 187 - j. Let u = -51 + c. Calculate the remainder when u is divided by 14.
12
Suppose -25 = -2*o + 3*c + 27, 76 = 3*o - 4*c. Calculate the remainder when o is divided by 8.
4
Let h(t) = -t**3 + 11*t**2 - 7*t - 5. Calculate the remainder when h(7) is divided by 36.
34
Suppose 0 = 5*x - 138 - 47. Let h(t) = -t**2 - 9*t + 5. What is the remainder when x is divided by h(-8)?
11
Suppose 2*b - 11 = -5*n, 2*b - 2 = -2*n + 6. Let l(x) = 3*x - 1. What is the remainder when -2 - -10 - 1 - n is divided by l(1)?
0
Suppose -2*c = -11*c + 72. Calculate the remainder when c is divided by 2.
0
Let v = 9 - 4. Suppose 2*u - 27 = -v*p, 5 = -u - 2*p + 20. Calculate the remainder when u is divided by 8.
5
Let s be (0/(2 + -5))/1. Suppose 3*u + 2 - 32 = s. Suppose -4*w = w - u. What is the remainder when 7 is divided by w?
1
Let f(x) = -2*x + 5*x - 2*x - 9*x**2 + x**3 + 6. Let p = 20 + -11. Calculate the remainder when f(9) is divided by p.
6
Let x(g) = -2*g**3 + 8*g**2 - 7*g - 7. Let m be x(-7). Calculate the remainder when (-4)/18 + m/18 is divided by 32.
30
What is the remainder when 9 is divided by ((-15)/10)/((-3)/8)?
1
Let p(j) = 2*j**2 - 5*j - 3. Let m be p(4). Let i = 19 - m. What is the remainder when i is divided by 6?
4
Let h(b) = b**3 + 7*b**2 - 3*b - 9. What is the remainder when 68 is divided by h(-7)?
8
Suppose 0 = -3*f + 6*f - 39. What is the remainder when 142 is divided by f?
12
Suppose -2*r - 2*r = -388. Suppose r = 5*c - 238. What is the remainder when c is divided by 23?
21
Let o(u) be the third derivative of u**5/60 + u**4/24 + 13*u**3/2 + 3*u**2. Suppose -3*g = -4*g. Calculate the remainder when o(g) is divided by 10.
9
Suppose -2*v + 0 = -8. Suppose -5*k = -15 - 0. What is the remainder when v is divided by k?
1
Suppose 0 = -i - 2*i + 774. What is the remainder when (-5)/(-25) - i/(-10) is divided by 9?
8
Let z(n) = n + 3. Calculate the remainder when 7 is divided by z(0).
1
Calculate the remainder when 106 is divided by (-22)/(((-5)/((-10)/(-4)))/2).
18
Suppose 4*f + 2*v + 0*v = 94, 2*f + 4*v - 38 = 0. Calculate the remainder when (146/(-4))/(9/(-18)) is divided by f.
23
Let l = 8 + -13. What is the remainder when (l/(-10))/((-3)/(-102)) is divided by 6?
5
Let v be (-3)/1 - (-68)/1. Let l = v - 39. Calculate the remainder when l is divided by 2/(8/9)*4.
8
Suppose -2*r = -5*t - 3*r + 45, -9 = -t + 3*r. Calculate the remainder when (-2 + (-2)/(-2))*-25 is divided by t.
7
Let n = 398 + -271. What is the remainder when n is divided by 32?
31
Suppose -y = -5*z - 56, 3*z = -y + 14 + 18. What is the remainder when y is divided by 14?
13
Let j = 3 + -2. Let i(p) be the first derivative of -p**2/2 + p + 3. What is the remainder when i(0) is divided by j?
0
Let g = 68 - 21. Let c = 0 + 0. Calculate the remainder when g is divided by (-8 + c)*6/(-3).
15
Let y(k) = 3*k - 1. Let i be y(1). What is the remainder when 19 is divided by 11 - 2*i/4?
9
Let k = -185 - -107. Calculate the remainder when ((-1)/2)/(3/k) is divided by 7.
6
Let a = 0 - -4. Let v = a + 3. What is the remainder when 26 is divided by v?
5
Let u = 18 - 4. Suppose w - 31 = -y, -5*y + 37 + 37 = 2*w. What is the remainder when w is divided by u?
13
Let j(i) = 3*i**2 - i + 1. Let q be j(-2). Calculate the remainder when 35 is divided by ((-6)/q)/((-3)/90).
11
Suppose -4*l - 52 = -5*g, -8*g + 5*g - 3*l = -42. Calculate the remainder when 2*(-90)/(-4)*1 is divided by g.
9
Let l = -10 - -16. Suppose -a = a - l. Suppose 2*b + a = 17. What is the remainder when 20 is divided by b?
6
Let v be (-2516)/(-24) + (-2)/(-12). Suppose -3*r = -q - 1, v = 3*q + 5*r + 38. Calculate the remainder when q is divided by 5.
4
Suppose 4*b - 15 = -3. Suppose 4*y = -5*a + 3, -2*y = -2*a + b*a + 3. Calculate the remainder when 6 is divided by a.
0
Let r(i) = -37*i**2 + 1. Let u(d) = -37*d**2 + d + 1. Let h(v) = -3*r(v) + 2*u(v). What is the remainder when h(1) is divided by 10?
8
Let c(o) = -o**3 + 3*o**2 - 3*o. Let u be c(2). Let k = 12 + u. What is the remainder when k is divided by 3?
1
Let l(g) = 8*g - 11. Let p be l(6). Suppos